{"id":2,"date":"2021-04-28T17:27:27","date_gmt":"2021-04-28T15:27:27","guid":{"rendered":"http:\/\/martos-psychologue.fr\/?page_id=2"},"modified":"2024-09-11T11:15:45","modified_gmt":"2024-09-11T09:15:45","slug":"page-d-exemple","status":"publish","type":"page","link":"https:\/\/martos-psychologue.fr\/","title":{"rendered":"Accueil"},"content":{"rendered":"\t\t<div data-elementor-type=\"wp-page\" data-elementor-id=\"2\" class=\"elementor elementor-2\">\n\t\t\t\t\t\t<section class=\"elementor-section elementor-top-section elementor-element elementor-element-337a3796 elementor-section-stretched elementor-section-boxed elementor-section-height-default elementor-section-height-default\" data-id=\"337a3796\" data-element_type=\"section\" data-e-type=\"section\" data-settings=\"{&quot;stretch_section&quot;:&quot;section-stretched&quot;}\">\n\t\t\t\t\t\t<div class=\"elementor-container elementor-column-gap-default\">\n\t\t\t\t\t<div class=\"elementor-column elementor-col-100 elementor-top-column elementor-element elementor-element-5988feb3\" data-id=\"5988feb3\" data-element_type=\"column\" data-e-type=\"column\">\n\t\t\t<div class=\"elementor-widget-wrap elementor-element-populated\">\n\t\t\t\t\t\t<div class=\"elementor-element elementor-element-2897a9e0 elementor-widget elementor-widget-text-editor\" data-id=\"2897a9e0\" data-element_type=\"widget\" data-e-type=\"widget\" data-widget_type=\"text-editor.default\">\n\t\t\t\t<div class=\"elementor-widget-container\">\n\t\t\t\t\t\t\t\t\t<p><span style=\"color: #ffffff;\"><\/span><\/p>\n<p style=\"text-align: center;\"><span style=\"color: #000000;\">Psychologue clinicienne psychoth\u00e9rapeute, je vous accueille sur rendez-vous dans mon cabinet situ\u00e9 \u00e0 Angers.<\/span><\/p>\n<p style=\"text-align: center;\"><span style=\"color: #000000;\"><\/span><\/p>\n<p style=\"text-align: center;\"><span style=\"color: #000000;\">Les consultations ont lieu du mardi au vendredi dans un cadre bienveillant et chaleureux.<\/span><\/p>\n<p style=\"text-align: center;\"><span style=\"color: #000000;\"><\/span><\/p>\n<p style=\"text-align: center;\"><span style=\"color: #000000;\">J&rsquo;accompagne les patients en proposant une pratique int\u00e9grative, c&rsquo;est \u00e0 dire qui int\u00e8gre des connaissances et savoir-faire issus de diff\u00e9rentes approches psychoth\u00e9rapeutiques.<\/span><\/p>\n<p style=\"text-align: center;\"><span style=\"color: #000000;\"><\/span><\/p>\n<p style=\"text-align: center;\"><span style=\"color: #000000;\">En effet je b\u00e9n\u00e9ficie d&rsquo;une double formation : initiale d&rsquo;orientation psychodynamique et une seconde en Th\u00e9rapies Cognitives et Comportementales, en plus d&rsquo;autres approches me permettant ainsi de proposer un accompagnement adaptable \u00e0 des probl\u00e9matiques vari\u00e9es.\u00a0<\/span><\/p>\n<p style=\"text-align: center;\"><span style=\"color: #000000;\"><\/span><\/p>\n<p style=\"text-align: center;\"><span style=\"color: #000000;\">Pour en savoir plus, rendez-vous sur la page <a style=\"color: #000000;\" href=\"https:\/\/martos-psychologue.fr\/?page_id=24\">Pr\u00e9sentation<\/a><\/span><\/p>\n<p style=\"text-align: center;\"><span style=\"color: #000000;\"><\/span><\/p>\n<p style=\"text-align: center;\"><span style=\"text-decoration: underline; color: #000000;\"><strong><em>Quels sont mes champs d&rsquo;intervention?<\/em><\/strong><\/span><\/p>\n<p style=\"text-align: center;\"><span style=\"color: #000000;\"><\/span><\/p>\n<p style=\"text-align: center;\"><span style=\"color: #000000;\">&#8211; Difficult\u00e9s \u00e0 entreprendre un changement, manque de motivation<\/span><\/p>\n<p style=\"text-align: center;\"><span style=\"color: #000000;\"><\/span><\/p>\n<p style=\"text-align: center;\"><span style=\"color: #000000;\">&#8211; Troubles anxieux (Anxi\u00e9t\u00e9 sociale, Phobies, Agoraphobie, Anxi\u00e9t\u00e9 g\u00e9n\u00e9ralis\u00e9e&#8230;)<\/span><\/p>\n<p style=\"text-align: center;\"><span style=\"color: #000000;\">&#8211; TOC<\/span><\/p>\n<p style=\"text-align: center;\"><span style=\"color: #000000;\"><\/span><\/p>\n<p style=\"text-align: center;\"><span style=\"color: #000000;\">&#8211; D\u00e9pression\/\/d\u00e9prime ponctuelle\/troubles de l&rsquo;humeur<\/span><\/p>\n<p style=\"text-align: center;\"><span style=\"color: #000000;\"><\/span><\/p>\n<p style=\"text-align: center;\"><span style=\"color: #000000;\">&#8211; Probl\u00e9matiques de violence\/impulsivit\u00e9<\/span><\/p>\n<p style=\"text-align: center;\"><span style=\"color: #000000;\"><\/span><\/p>\n<p style=\"text-align: center;\"><span style=\"color: #000000;\"><\/span><\/p>\n<p style=\"text-align: center;\"><span style=\"color: #000000;\"><\/span><\/p>\n<p style=\"text-align: center;\"><span style=\"color: #000000;\">&#8211; R\u00e9gulation \u00e9motionnelle<\/span><\/p>\n<p style=\"text-align: center;\"><span style=\"color: #000000;\"><\/span><\/p>\n<p style=\"text-align: center;\"><span style=\"color: #000000;\">&#8211; Probl\u00e9matiques d\u2019addictions<\/span><\/p>\n<p style=\"text-align: center;\"><span style=\"color: #000000;\"><\/span><\/p>\n<p style=\"text-align: center;\"><span style=\"color: #000000;\">&#8211; Affirmation de soi<\/span><\/p>\n<p style=\"text-align: center;\"><span style=\"color: #000000;\"><\/span><\/p>\n<p style=\"text-align: center;\"><span style=\"font-size: 1rem;\">&#8211; Obligations de soins<\/span><\/p>\n<p style=\"text-align: center;\"><span style=\"color: #000000;\"><\/span><\/p>\n<p style=\"text-align: center;\"><span style=\"color: #000000;\">ou toute probl\u00e9matique qui ne rel\u00e8ve pas n\u00e9cessairement d&rsquo;un trouble caract\u00e9ris\u00e9, ainsi que l&rsquo;exploration de son fonctionnement personnel&#8230;<\/span><\/p>\n<p><span style=\"color: #ffffff;\"><\/span><\/p>\t\t\t\t\t\t\t\t<\/div>\n\t\t\t\t<\/div>\n\t\t\t\t\t<\/div>\n\t\t<\/div>\n\t\t\t\t\t<\/div>\n\t\t<\/section>\n\t\t\t\t<\/div>\n\t\t","protected":false},"excerpt":{"rendered":"<p>Psychologue clinicienne psychoth\u00e9rapeute, je vous accueille sur rendez-vous dans mon cabinet situ\u00e9 \u00e0 Angers. Les consultations ont lieu du mardi au vendredi dans un cadre bienveillant et chaleureux. J&rsquo;accompagne les patients en proposant une pratique int\u00e9grative, c&rsquo;est \u00e0 dire qui int\u00e8gre des connaissances et savoir-faire issus de diff\u00e9rentes approches psychoth\u00e9rapeutiques. En effet je b\u00e9n\u00e9ficie d&rsquo;une &hellip; <\/p>\n<p class=\"link-more\"><a href=\"https:\/\/martos-psychologue.fr\/\" class=\"more-link\">Continuer la lecture<span class=\"screen-reader-text\"> de &laquo;&nbsp;Accueil&nbsp;&raquo;<\/span><\/a><\/p>\n","protected":false},"author":1,"featured_media":1910,"parent":0,"menu_order":0,"comment_status":"closed","ping_status":"open","template":"","meta":{"footnotes":""},"class_list":["post-2","page","type-page","status-publish","has-post-thumbnail","hentry"],"_links":{"self":[{"href":"https:\/\/martos-psychologue.fr\/index.php?rest_route=\/wp\/v2\/pages\/2","targetHints":{"allow":["GET"]}}],"collection":[{"href":"https:\/\/martos-psychologue.fr\/index.php?rest_route=\/wp\/v2\/pages"}],"about":[{"href":"https:\/\/martos-psychologue.fr\/index.php?rest_route=\/wp\/v2\/types\/page"}],"author":[{"embeddable":true,"href":"https:\/\/martos-psychologue.fr\/index.php?rest_route=\/wp\/v2\/users\/1"}],"replies":[{"embeddable":true,"href":"https:\/\/martos-psychologue.fr\/index.php?rest_route=%2Fwp%2Fv2%2Fcomments&post=2"}],"version-history":[{"count":51,"href":"https:\/\/martos-psychologue.fr\/index.php?rest_route=\/wp\/v2\/pages\/2\/revisions"}],"predecessor-version":[{"id":1976,"href":"https:\/\/martos-psychologue.fr\/index.php?rest_route=\/wp\/v2\/pages\/2\/revisions\/1976"}],"wp:featuredmedia":[{"embeddable":true,"href":"https:\/\/martos-psychologue.fr\/index.php?rest_route=\/wp\/v2\/media\/1910"}],"wp:attachment":[{"href":"https:\/\/martos-psychologue.fr\/index.php?rest_route=%2Fwp%2Fv2%2Fmedia&parent=2"}],"curies":[{"name":"wp","href":"https:\/\/api.w.org\/{rel}","templated":true}]}}