{"id":27,"date":"2021-05-01T23:01:51","date_gmt":"2021-05-01T21:01:51","guid":{"rendered":"http:\/\/martos-psychologue.fr\/?page_id=27"},"modified":"2026-01-12T08:57:05","modified_gmt":"2026-01-12T07:57:05","slug":"seances-et-tarifs","status":"publish","type":"page","link":"https:\/\/martos-psychologue.fr\/?page_id=27","title":{"rendered":"S\u00e9ances et tarifs"},"content":{"rendered":"\t\t<div data-elementor-type=\"wp-page\" data-elementor-id=\"27\" class=\"elementor elementor-27\">\n\t\t\t\t\t\t<section class=\"elementor-section elementor-top-section elementor-element elementor-element-64bdef1e elementor-section-boxed elementor-section-height-default elementor-section-height-default\" data-id=\"64bdef1e\" data-element_type=\"section\" data-e-type=\"section\">\n\t\t\t\t\t\t<div class=\"elementor-container elementor-column-gap-default\">\n\t\t\t\t\t<div class=\"elementor-column elementor-col-100 elementor-top-column elementor-element elementor-element-3f7a738a\" data-id=\"3f7a738a\" data-element_type=\"column\" data-e-type=\"column\">\n\t\t\t<div class=\"elementor-widget-wrap elementor-element-populated\">\n\t\t\t\t\t\t<div class=\"elementor-element elementor-element-3f36772 elementor-widget elementor-widget-text-editor\" data-id=\"3f36772\" data-element_type=\"widget\" data-e-type=\"widget\" data-widget_type=\"text-editor.default\">\n\t\t\t\t<div class=\"elementor-widget-container\">\n\t\t\t\t\t\t\t\t\t<p><span style=\"color: #ffffff;\"><\/span><\/p>\n<p><span style=\"color: #000000;\">&#8211;\u00a0 <strong><span style=\"text-decoration: underline;\">Consultation individuelle 45 min<\/span><\/strong> : 65 euros\u00a0<\/span><\/p>\n<p><span style=\"color: #000000;\"><\/span><\/p>\n<p><span style=\"color: #000000;\">&#8211;\u00a0 <span style=\"text-decoration: underline;\"><strong>Consultation dans le cadre d&rsquo;une obligation de soins<\/strong><\/span> : 50 euros (sur pr\u00e9sentation d&rsquo;un justificatif)<\/span><\/p>\n<p>&#8211;\u00a0 \u00a0<strong><span style=\"text-decoration: underline;\">Mode de r\u00e8glement accept\u00e9s:<\/span><\/strong> ch\u00e8que\/esp\u00e8ces\/virement (CB non accept\u00e9es)<\/p>\n<p><span style=\"color: #000000;\"><\/span><\/p>\n<p>&#8211;\u00a0 <span style=\"text-decoration: underline;\"><strong>Cr\u00e9neaux horaires des rdv:<\/strong><\/span><\/p>\n<ul>\n<li>le lundi et le mardi:\u00a0 9H\/10H\/11H\/13H\/14H\/15H<\/li>\n<li>le jeudi et le vendredi : 9H30\/10H30\/11H30\/13H30\/14H30\/15H30<\/li>\n<\/ul>\n<p><em><b>\u00a0 <\/b>Le cabinet est ferm\u00e9 le mercredi<\/em><\/p>\n<p><span style=\"font-size: 1rem;\">Pour prendre rendez-vous, veuillez me contacter directement <span style=\"text-decoration: underline;\">par sms ou mail<\/span> (voir Coordonn\u00e9es et Infos Pratiques)<\/span><span style=\"color: var( --e-global-color-text ); font-size: 1rem;\">\u00a0<\/span><\/p>\n<p>\u00a0<\/p>\n<p><strong><span style=\"color: var( --e-global-color-text ); font-size: 1rem;\">Consultations et annulations:\u00a0<\/span><\/strong><\/p>\n<p><span style=\"color: var( --e-global-color-text ); font-size: 1rem;\">Les s\u00e9ances de psychoth\u00e9rapie\u00a0<\/span><span style=\"color: var( --e-global-color-text ); font-size: 1rem;\">requi\u00e8rent un temps<\/span><span style=\"color: var( --e-global-color-text ); font-size: 1rem;\"><span style=\"text-decoration-line: underline;\"> de pr\u00e9paration et de recherche<\/span> <\/span><span style=\"color: var( --e-global-color-text ); font-size: 1rem;\">en plus du temps effectif du rendez-vous.<\/span><\/p>\n<p><span style=\"color: var( --e-global-color-text ); font-size: 1rem;\">Les rendez-vous annul\u00e9s en derni\u00e8re minute<span style=\"text-decoration: underline;\"> ne peuvent pas b\u00e9n\u00e9ficier<\/span><\/span><span style=\"text-decoration: underline;\">\u00a0\u00e0 d\u2019autres patients<\/span><span style=\"color: var( --e-global-color-text ); font-size: 1rem;\"> qui pourraient en avoir besoin ou sur liste d\u2019attente.<\/span><\/p>\n<p>Par \u00e9gard pour le travail de votre psychologue et pour les autres patients, <em><u>les rendez-vous annul\u00e9s moins de 48 heures \u00e0 l\u2019avance devront \u00eatre honor\u00e9s.<\/u><\/em><\/p>\n<p><strong>Consultations et remboursement:<\/strong><\/p>\n<p><span style=\"font-size: 1rem;\">Les s\u00e9ances ne font pas l&rsquo;objet d&rsquo;une prise en charge par la s\u00e9curit\u00e9 sociale. Certaines mutuelles proposent des remboursements, des factures peuvent \u00eatre fournies au besoin.<\/span><\/p>\n<p><span style=\"color: #ffffff;\"><\/span><\/p>\t\t\t\t\t\t\t\t<\/div>\n\t\t\t\t<\/div>\n\t\t\t\t\t<\/div>\n\t\t<\/div>\n\t\t\t\t\t<\/div>\n\t\t<\/section>\n\t\t\t\t<\/div>\n\t\t","protected":false},"excerpt":{"rendered":"<p>&#8211;\u00a0 Consultation individuelle 45 min : 65 euros\u00a0 &#8211;\u00a0 Consultation dans le cadre d&rsquo;une obligation de soins : 50 euros (sur pr\u00e9sentation d&rsquo;un justificatif) &#8211;\u00a0 \u00a0Mode de r\u00e8glement accept\u00e9s: ch\u00e8que\/esp\u00e8ces\/virement (CB non accept\u00e9es) &#8211;\u00a0 Cr\u00e9neaux horaires des rdv: le lundi et le mardi:\u00a0 9H\/10H\/11H\/13H\/14H\/15H le jeudi et le vendredi : 9H30\/10H30\/11H30\/13H30\/14H30\/15H30 \u00a0 Le cabinet est &hellip; <\/p>\n<p class=\"link-more\"><a href=\"https:\/\/martos-psychologue.fr\/?page_id=27\" class=\"more-link\">Continuer la lecture<span class=\"screen-reader-text\"> de &laquo;&nbsp;S\u00e9ances et tarifs&nbsp;&raquo;<\/span><\/a><\/p>\n","protected":false},"author":1,"featured_media":1919,"parent":0,"menu_order":0,"comment_status":"closed","ping_status":"closed","template":"","meta":{"footnotes":""},"class_list":["post-27","page","type-page","status-publish","has-post-thumbnail","hentry"],"_links":{"self":[{"href":"https:\/\/martos-psychologue.fr\/index.php?rest_route=\/wp\/v2\/pages\/27","targetHints":{"allow":["GET"]}}],"collection":[{"href":"https:\/\/martos-psychologue.fr\/index.php?rest_route=\/wp\/v2\/pages"}],"about":[{"href":"https:\/\/martos-psychologue.fr\/index.php?rest_route=\/wp\/v2\/types\/page"}],"author":[{"embeddable":true,"href":"https:\/\/martos-psychologue.fr\/index.php?rest_route=\/wp\/v2\/users\/1"}],"replies":[{"embeddable":true,"href":"https:\/\/martos-psychologue.fr\/index.php?rest_route=%2Fwp%2Fv2%2Fcomments&post=27"}],"version-history":[{"count":62,"href":"https:\/\/martos-psychologue.fr\/index.php?rest_route=\/wp\/v2\/pages\/27\/revisions"}],"predecessor-version":[{"id":2008,"href":"https:\/\/martos-psychologue.fr\/index.php?rest_route=\/wp\/v2\/pages\/27\/revisions\/2008"}],"wp:featuredmedia":[{"embeddable":true,"href":"https:\/\/martos-psychologue.fr\/index.php?rest_route=\/wp\/v2\/media\/1919"}],"wp:attachment":[{"href":"https:\/\/martos-psychologue.fr\/index.php?rest_route=%2Fwp%2Fv2%2Fmedia&parent=27"}],"curies":[{"name":"wp","href":"https:\/\/api.w.org\/{rel}","templated":true}]}}